{"id":28,"date":"2020-03-15T07:56:24","date_gmt":"2020-03-15T06:56:24","guid":{"rendered":"http:\/\/lemasdesrochers.fr\/?page_id=28"},"modified":"2021-06-19T07:52:34","modified_gmt":"2021-06-19T05:52:34","slug":"accueil","status":"publish","type":"page","link":"https:\/\/lemasdesrochers.fr\/","title":{"rendered":"Bienvenue au Mas des Rochers, maison de vacances sous les Micocouliers 4*"},"content":{"rendered":"<p>Id\u00e9alement situ\u00e9 entre Gard, H\u00e9rault et Loz\u00e8re, lov\u00e9 au c\u0153ur du village m\u00e9di\u00e9val de Sauve, le g\u00eete du Mas des Rochers, class\u00e9 4 \u00e9toiles en meubl\u00e9 de tourisme, est un havre de tranquillit\u00e9. Venez profiter d&rsquo;une maison de caract\u00e8re moderne, tout confort et d\u00e9cor\u00e9e avec go\u00fbt ainsi que de notre jardin en terrasses pour des vacances en plein air. Trois grandes chambres (pour un total de 8 personnes) vous invitent au voyage, 2 salles d&rsquo;eau avec douche \u00e0 l&rsquo;italienne et des espaces communs spacieux (150 m\u00b2 au total) vous permettront de passer des moments conviviaux en famille ou entre amis.<\/p>\n<p>Envie d&rsquo;en savoir plus sur le site et les activit\u00e9s, <a href=\"http:\/\/lemasdesrochers.fr\/index.php\/le-site\/\">c&rsquo;est par l\u00e0<\/a> !<\/p>\n","protected":false},"excerpt":{"rendered":"<p>Id\u00e9alement situ\u00e9 entre Gard, H\u00e9rault et Loz\u00e8re, lov\u00e9 au c\u0153ur du village m\u00e9di\u00e9val de Sauve, le g\u00eete du Mas des Rochers, class\u00e9 4 \u00e9toiles en meubl\u00e9 de tourisme, est un havre de tranquillit\u00e9. Venez profiter d&rsquo;une maison de caract\u00e8re moderne, tout confort et d\u00e9cor\u00e9e avec go\u00fbt ainsi que de notre jardin en terrasses pour des &hellip; <\/p>\n<p class=\"link-more\"><a href=\"https:\/\/lemasdesrochers.fr\/\" class=\"more-link\">Continuer la lecture<span class=\"screen-reader-text\"> de &laquo;&nbsp;Bienvenue au Mas des Rochers, maison de vacances sous les Micocouliers 4*&nbsp;&raquo;<\/span><\/a><\/p>\n","protected":false},"author":1,"featured_media":0,"parent":0,"menu_order":0,"comment_status":"closed","ping_status":"closed","template":"","meta":[],"_links":{"self":[{"href":"https:\/\/lemasdesrochers.fr\/index.php\/wp-json\/wp\/v2\/pages\/28"}],"collection":[{"href":"https:\/\/lemasdesrochers.fr\/index.php\/wp-json\/wp\/v2\/pages"}],"about":[{"href":"https:\/\/lemasdesrochers.fr\/index.php\/wp-json\/wp\/v2\/types\/page"}],"author":[{"embeddable":true,"href":"https:\/\/lemasdesrochers.fr\/index.php\/wp-json\/wp\/v2\/users\/1"}],"replies":[{"embeddable":true,"href":"https:\/\/lemasdesrochers.fr\/index.php\/wp-json\/wp\/v2\/comments?post=28"}],"version-history":[{"count":8,"href":"https:\/\/lemasdesrochers.fr\/index.php\/wp-json\/wp\/v2\/pages\/28\/revisions"}],"predecessor-version":[{"id":299,"href":"https:\/\/lemasdesrochers.fr\/index.php\/wp-json\/wp\/v2\/pages\/28\/revisions\/299"}],"wp:attachment":[{"href":"https:\/\/lemasdesrochers.fr\/index.php\/wp-json\/wp\/v2\/media?parent=28"}],"curies":[{"name":"wp","href":"https:\/\/api.w.org\/{rel}","templated":true}]}}